Dec 01 11:08:42.708 INFO testing lkschubert8/sloth against master#8940af3cea4a9a9deabcaf843b2f8cad9a83fc61 for beta-1.31-5
Dec 01 11:08:42.708 INFO running `"docker" "create" "-v" "/mnt/big/crater/work/local/target-dirs/beta-1.31-5/worker-3/master#8940af3cea4a9a9deabcaf843b2f8cad9a83fc61:/target:rw,Z" "-v" "/mnt/big/crater/work/local/test-source/worker-3/beta-1.31-5/master#8940af3cea4a9a9deabcaf843b2f8cad9a83fc61:/source:ro,Z" "-v" "/mnt/big/crater/work/local/cargo-home:/cargo-home:ro,Z" "-v" "/mnt/big/crater/work/local/rustup-home:/rustup-home:ro,Z" "-e" "USER_ID=1000" "-e" "SOURCE_DIR=/source" "-e" "USER_ID=1000" "-e" "CMD=cargo +8940af3cea4a9a9deabcaf843b2f8cad9a83fc61-alt build --frozen" "-e" "CARGO_TARGET_DIR=/target" "-e" "CARGO_INCREMENTAL=0" "-e" "RUST_BACKTRACE=full" "-e" "RUSTFLAGS=--cap-lints=warn" "-e" "CARGO_HOME=/cargo-home" "-e" "RUSTUP_HOME=/rustup-home" "-m" "1536M" "--network" "none" "crater"`
Dec 01 11:08:43.248 INFO [stdout] c7fd0fb7b0b83eaa6ec76619dc6aae379f9432a6e06e680426769ca0a8eb1064
Dec 01 11:08:43.250 INFO running `"docker" "start" "-a" "c7fd0fb7b0b83eaa6ec76619dc6aae379f9432a6e06e680426769ca0a8eb1064"`
Dec 01 11:08:45.027 INFO [stderr] usermod: no changes
Dec 01 11:08:45.303 INFO [stderr]    Compiling ena v0.5.0
Dec 01 11:08:45.303 INFO [stderr]    Compiling lalrpop-util v0.15.2
Dec 01 11:08:45.311 INFO [stderr]    Compiling petgraph v0.4.12
Dec 01 11:08:45.311 INFO [stderr]    Compiling string_cache_codegen v0.4.1
Dec 01 11:08:45.319 INFO [stderr]    Compiling serde_yaml v0.8.2
Dec 01 11:08:45.319 INFO [stderr]    Compiling atty v0.1.2
Dec 01 11:08:45.319 INFO [stderr]    Compiling digest v0.7.4
Dec 01 11:08:45.319 INFO [stderr]    Compiling docopt v0.8.3
Dec 01 11:08:48.815 INFO [stderr]    Compiling sha2 v0.7.1
Dec 01 11:08:55.695 INFO [stderr] error[E0034]: multiple applicable items in scope
Dec 01 11:08:55.695 INFO [stderr]     --> /cargo-home/registry/src/github.com-1ecc6299db9ec823/petgraph-0.4.12/src/graph_impl/stable_graph/mod.rs:1171:19
Dec 01 11:08:55.695 INFO [stderr]      |
Dec 01 11:08:55.695 INFO [stderr] 1171 |         self.iter.find_map(|(i, node)| {
Dec 01 11:08:55.695 INFO [stderr]      |                   ^^^^^^^^ multiple `find_map` found
Dec 01 11:08:55.695 INFO [stderr]      |
Dec 01 11:08:55.695 INFO [stderr] note: candidate #1 is defined in an impl of the trait `iter_utils::IterUtilsExt` for the type `_`
Dec 01 11:08:55.695 INFO [stderr]     --> /cargo-home/registry/src/github.com-1ecc6299db9ec823/petgraph-0.4.12/src/iter_utils.rs:5:5
Dec 01 11:08:55.695 INFO [stderr]      |
Dec 01 11:08:55.695 INFO [stderr] 5    | /     fn find_map<F, R>(&mut self, mut f: F) -> Option<R>
Dec 01 11:08:55.695 INFO [stderr] 6    | |         where F: FnMut(Self::Item) -> Option<R>
Dec 01 11:08:55.695 INFO [stderr] 7    | |     {
Dec 01 11:08:55.695 INFO [stderr] 8    | |         while let Some(elt) = self.next() {
Dec 01 11:08:55.695 INFO [stderr] ...    |
Dec 01 11:08:55.695 INFO [stderr] 13   | |         None
Dec 01 11:08:55.695 INFO [stderr] 14   | |     }
Dec 01 11:08:55.695 INFO [stderr]      | |_____^
Dec 01 11:08:55.695 INFO [stderr]      = note: candidate #2 is defined in an impl of the trait `std::iter::Iterator` for the type `std::iter::Enumerate<_>`
Dec 01 11:08:55.695 INFO [stderr] 
Dec 01 11:08:55.763 INFO [stderr] error[E0034]: multiple applicable items in scope
Dec 01 11:08:55.763 INFO [stderr]     --> /cargo-home/registry/src/github.com-1ecc6299db9ec823/petgraph-0.4.12/src/graph_impl/stable_graph/mod.rs:1363:19
Dec 01 11:08:55.763 INFO [stderr]      |
Dec 01 11:08:55.763 INFO [stderr] 1363 |         self.iter.find_map(|(i, edge)|
Dec 01 11:08:55.763 INFO [stderr]      |                   ^^^^^^^^ multiple `find_map` found
Dec 01 11:08:55.763 INFO [stderr]      |
Dec 01 11:08:55.763 INFO [stderr] note: candidate #1 is defined in an impl of the trait `iter_utils::IterUtilsExt` for the type `_`
Dec 01 11:08:55.763 INFO [stderr]     --> /cargo-home/registry/src/github.com-1ecc6299db9ec823/petgraph-0.4.12/src/iter_utils.rs:5:5
Dec 01 11:08:55.763 INFO [stderr]      |
Dec 01 11:08:55.763 INFO [stderr] 5    | /     fn find_map<F, R>(&mut self, mut f: F) -> Option<R>
Dec 01 11:08:55.763 INFO [stderr] 6    | |         where F: FnMut(Self::Item) -> Option<R>
Dec 01 11:08:55.763 INFO [stderr] 7    | |     {
Dec 01 11:08:55.763 INFO [stderr] 8    | |         while let Some(elt) = self.next() {
Dec 01 11:08:55.763 INFO [stderr] ...    |
Dec 01 11:08:55.763 INFO [stderr] 13   | |         None
Dec 01 11:08:55.763 INFO [stderr] 14   | |     }
Dec 01 11:08:55.763 INFO [stderr]      | |_____^
Dec 01 11:08:55.763 INFO [stderr]      = note: candidate #2 is defined in an impl of the trait `std::iter::Iterator` for the type `std::iter::Enumerate<_>`
Dec 01 11:08:55.763 INFO [stderr] 
Dec 01 11:08:55.811 INFO [stderr] error[E0034]: multiple applicable items in scope
Dec 01 11:08:55.811 INFO [stderr]     --> /cargo-home/registry/src/github.com-1ecc6299db9ec823/petgraph-0.4.12/src/graph_impl/stable_graph/mod.rs:1527:19
Dec 01 11:08:55.811 INFO [stderr]      |
Dec 01 11:08:55.811 INFO [stderr] 1527 |         self.iter.find_map(|(i, node)| {
Dec 01 11:08:55.811 INFO [stderr]      |                   ^^^^^^^^ multiple `find_map` found
Dec 01 11:08:55.811 INFO [stderr]      |
Dec 01 11:08:55.811 INFO [stderr] note: candidate #1 is defined in an impl of the trait `iter_utils::IterUtilsExt` for the type `_`
Dec 01 11:08:55.811 INFO [stderr]     --> /cargo-home/registry/src/github.com-1ecc6299db9ec823/petgraph-0.4.12/src/iter_utils.rs:5:5
Dec 01 11:08:55.811 INFO [stderr]      |
Dec 01 11:08:55.811 INFO [stderr] 5    | /     fn find_map<F, R>(&mut self, mut f: F) -> Option<R>
Dec 01 11:08:55.811 INFO [stderr] 6    | |         where F: FnMut(Self::Item) -> Option<R>
Dec 01 11:08:55.811 INFO [stderr] 7    | |     {
Dec 01 11:08:55.811 INFO [stderr] 8    | |         while let Some(elt) = self.next() {
Dec 01 11:08:55.811 INFO [stderr] ...    |
Dec 01 11:08:55.811 INFO [stderr] 13   | |         None
Dec 01 11:08:55.811 INFO [stderr] 14   | |     }
Dec 01 11:08:55.811 INFO [stderr]      | |_____^
Dec 01 11:08:55.811 INFO [stderr]      = note: candidate #2 is defined in an impl of the trait `std::iter::Iterator` for the type `std::iter::Enumerate<_>`
Dec 01 11:08:55.811 INFO [stderr] 
Dec 01 11:08:55.832 INFO [stderr] error[E0034]: multiple applicable items in scope
Dec 01 11:08:55.832 INFO [stderr]     --> /cargo-home/registry/src/github.com-1ecc6299db9ec823/petgraph-0.4.12/src/graph_impl/stable_graph/mod.rs:1573:19
Dec 01 11:08:55.832 INFO [stderr]      |
Dec 01 11:08:55.832 INFO [stderr] 1573 |         self.iter.find_map(|(i, node)| {
Dec 01 11:08:55.832 INFO [stderr]      |                   ^^^^^^^^ multiple `find_map` found
Dec 01 11:08:55.832 INFO [stderr]      |
Dec 01 11:08:55.833 INFO [stderr] note: candidate #1 is defined in an impl of the trait `iter_utils::IterUtilsExt` for the type `_`
Dec 01 11:08:55.833 INFO [stderr]     --> /cargo-home/registry/src/github.com-1ecc6299db9ec823/petgraph-0.4.12/src/iter_utils.rs:5:5
Dec 01 11:08:55.833 INFO [stderr]      |
Dec 01 11:08:55.833 INFO [stderr] 5    | /     fn find_map<F, R>(&mut self, mut f: F) -> Option<R>
Dec 01 11:08:55.833 INFO [stderr] 6    | |         where F: FnMut(Self::Item) -> Option<R>
Dec 01 11:08:55.833 INFO [stderr] 7    | |     {
Dec 01 11:08:55.833 INFO [stderr] 8    | |         while let Some(elt) = self.next() {
Dec 01 11:08:55.833 INFO [stderr] ...    |
Dec 01 11:08:55.833 INFO [stderr] 13   | |         None
Dec 01 11:08:55.833 INFO [stderr] 14   | |     }
Dec 01 11:08:55.833 INFO [stderr]      | |_____^
Dec 01 11:08:55.833 INFO [stderr]      = note: candidate #2 is defined in an impl of the trait `std::iter::Iterator` for the type `std::iter::Enumerate<_>`
Dec 01 11:08:55.833 INFO [stderr] 
Dec 01 11:08:58.187 INFO [stderr] error: aborting due to 4 previous errors
Dec 01 11:08:58.187 INFO [stderr] 
Dec 01 11:08:58.188 INFO [stderr] For more information about this error, try `rustc --explain E0034`.
Dec 01 11:08:58.248 INFO [stderr] error: Could not compile `petgraph`.
Dec 01 11:08:58.248 INFO [stderr] warning: build failed, waiting for other jobs to finish...
Dec 01 11:09:05.099 INFO [stderr] error: build failed
Dec 01 11:09:05.102 INFO [stderr] su: No module specific data is present
Dec 01 11:09:07.082 INFO running `"docker" "inspect" "c7fd0fb7b0b83eaa6ec76619dc6aae379f9432a6e06e680426769ca0a8eb1064"`
Dec 01 11:09:07.397 INFO running `"docker" "rm" "-f" "c7fd0fb7b0b83eaa6ec76619dc6aae379f9432a6e06e680426769ca0a8eb1064"`
Dec 01 11:09:07.725 INFO [stdout] c7fd0fb7b0b83eaa6ec76619dc6aae379f9432a6e06e680426769ca0a8eb1064
